4 and 78?
78
Calculate the greatest common factor of 611 and 13.
13
What is the greatest common factor of 1376 and 8?
8
Calculate the greatest common divisor of 20377 and 284.
71
Calculate the highest common divisor of 24 and 192.
24
What is the highest common factor of 656 and 77736?
328
What is the highest common divisor of 60 and 165?
15
Calculate the greatest common factor of 24 and 3072.
24
What is the greatest common divisor of 544 and 34?
34
What is the highest common factor of 69 and 15111?
69
What is the greatest common divisor of 1413 and 9?
9
Calculate the highest common factor of 10 and 275.
5
Calculate the greatest common factor of 276 and 69.
69
Calculate the highest common divisor of 342 and 12.
6
Calculate the highest common factor of 9 and 5.
1
Calculate the highest common divisor of 12997 and 951.
317
What is the greatest common factor of 860 and 20?
20
What is the highest common divisor of 222 and 296?
74
Calculate the greatest common divisor of 702 and 108.
54
What is the greatest common factor of 5 and 815?
5
Calculate the greatest common divisor of 108 and 3294.
54
What is the greatest common factor of 6 and 18?
6
What is the greatest common factor of 4 and 226?
2
What is the highest common divisor of 58 and 725?
29
What is the greatest common factor of 29 and 3161?
29
Calculate the greatest common divisor of 492 and 123.
123
Calculate the greatest common divisor of 90 and 150.
30
Calculate the highest common factor of 48 and 42.
6
Calculate the highest common divisor of 128 and 1312.
32
What is the highest common divisor of 100 and 80?
20
What is the greatest common factor of 50 and 1690?
10
Calculate the highest common divisor of 30 and 480.
30
Calculate the greatest common factor of 18 and 8082.
18
Calculate the greatest common divisor of 46 and 2070.
46
What is the highest common divisor of 14 and 1099?
7
Calculate the greatest common factor of 111 and 1850.
37
What is the highest common factor of 48 and 2172?
12
What is the highest common divisor of 99 and 99?
99
What is the highest common factor of 3656 and 56?
8
What is the highest common divisor of 1156 and 20?
4
Calculate the greatest common factor of 57 and 38.
19
Calculate the greatest common factor of 216 and 120.
24
What is the greatest common factor of 598 and 276?
46
Calculate the highest common divisor of 104 and 24.
8
Calculate the greatest common divisor of 1323 and 98.
49
What is the highest common factor of 10 and 210?
10
Calculate the greatest common factor of 6 and 30.
6
Calculate the greatest common factor of 15 and 145.
5
Calculate the highest common divisor of 8393 and 539.
77
What is the greatest common divisor of 40 and 55?
5
What is the highest common divisor of 594 and 648?
54
What is the greatest common factor of 30033 and 213?
213
Calculate the highest common factor of 28 and 2688.
28
What is the greatest common factor of 737 and 11?
11
Calculate the highest common divisor of 3234 and 42.
42
What is the greatest common divisor of 15 and 1215?
15
Calculate the greatest common factor of 9972 and 36.
36
What is the highest common factor of 40 and 3?
1
What is the highest common factor of 36 and 2556?
36
Calculate the highest common divisor of 35 and 40.
5
Calculate the greatest common factor of 37 and 4218.
37
Calculate the highest common factor of 160 and 6240.
160
Calculate the highest common divisor of 14 and 2534.
14
Calculate the highest common divisor of 104 and 3783.
13
What is the greatest common divisor of 90 and 2055?
15
Calculate the highest common factor of 176 and 1463.
11
What is the greatest common factor of 765 and 306?
153
What is the greatest common divisor of 140 and 63?
7
What is the highest common factor of 528 and 240?
48
What is the greatest common divisor of 7 and 161?
7
Calculate the greatest common divisor of 96 and 1044.
12
What is the greatest common divisor of 2484 and 540?
108
Calculate the highest common divisor of 10 and 6.
2
What is the greatest common divisor of 208 and 260?
52
Calculate the highest common divisor of 597 and 3.
3
What is the greatest common divisor of 4 and 3768?
4
Calculate the highest common factor of 3738 and 28.
14
Calculate the highest common factor of 98 and 44.
2
What is the greatest common divisor of 424 and 5459?
53
Calculate the highest common factor of 17423 and 399.
133
Calculate the greatest common divisor of 126 and 693.
63
What is the greatest common divisor of 432 and 80?
16
Calculate the greatest common factor of 96 and 1176.
24
Calculate the greatest common divisor of 375 and 115125.
375
Calculate the greatest common factor of 57 and 5928.
57
Calculate the highest common divisor of 101 and 7373.
101
What is the greatest common factor of 12 and 432?
12
Calculate the greatest common divisor of 42 and 112.
14
Calculate the greatest common divisor of 5 and 21415.
5
Calculate the greatest common divisor of 72 and 8.
8
Calculate the highest common divisor of 1717 and 102.
17
What is the greatest common divisor of 920 and 120?
40
Calculate the highest common divisor of 86 and 4.
2
What is the highest common factor of 7966 and 7?
7
What is the greatest common divisor of 16395 and 60?
15
What is the greatest common divisor of 19 and 19019?
19
What is the greatest common factor of 7319 and 13?
13
Calculate the highest common divisor of 267 and 6.
3
What is the greatest common divisor of 288 and 126?
18
What is the greatest common divisor of 476 and 28?
28
Calculate the highest common divisor of 13414 and 38.
38
Calculate the greatest common divisor of 365 and 5.
5
What is the highest common divisor of 1836 and 136?
68
What is the highest common divisor of 74 and 2627?
37
Calculate the greatest common factor of 2668 and 92.
92
Calculate the greatest common factor of 6 and 24.
6
What is the highest common factor of 3 and 2?
1
What is the greatest common divisor of 8 and 72?
8
What is the greatest common factor of 35 and 35?
35
Calculate the highest common divisor of 424 and 32.
8
What is the highest common divisor of 125 and 5?
5
What is the greatest common divisor of 2147 and 19?
19
What is the highest common factor of 10 and 5?
5
What is the highest common divisor of 1552 and 368?
16
Calculate the highest common factor of 119 and 85.
17
What is the highest common divisor of 13 and 416?
13
Calculate the greatest common factor of 200 and 450.
50
Calculate the highest common factor of 928 and 290.
58
What is the highest common factor of 2883 and 341?
31
Calculate the highest common divisor of 528 and 240.
48
What is the highest common factor of 64 and 80?
16
Calculate the highest common factor of 205 and 369.
41
Calculate the greatest common divisor of 8299 and 43.
43
Calculate the greatest common divisor of 166 and 415.
83
What is the highest common divisor of 60 and 690?
30
Calculate the greatest common divisor of 112 and 32.
16
What is the highest common factor of 1332 and 20313?
333
Calculate the greatest common divisor of 966 and 168.
42
What is the greatest common divisor of 21 and 294?
21
Calculate the greatest common divisor of 14 and 334.
2
Calculate the highest common divisor of 555 and 9768.
111
What is the greatest common factor of 236 and 413?
59
Calculate the highest common divisor of 21918 and 13.
13
What is the greatest common divisor of 86 and 258?
86
Calculate the highest common factor of 5 and 865.
5
Calculate the greatest common divisor of 12 and 492.
12
What is the greatest common divisor of 79 and 2449?
79
Calculate the greatest common factor of 1356 and 12.
12
Calculate the greatest common divisor of 9434 and 1246.
178
Calculate the highest common divisor of 351 and 247.
13
What is the highest common divisor of 235 and 145?
5
What is the highest common factor of 15 and 25?
5
Calculate the greatest common factor of 8880 and 96.
48
What is the highest common factor of 14231 and 266?
133
Calculate the highest common divisor of 1008 and 4176.
144
Calculate the highest common divisor of 79104 and 32.
32
Calculate the greatest common factor of 12 and 546.
6
What is the highest common divisor of 7 and 448?
7
What is the greatest common factor of 295 and 2419?
59
What is the highest common divisor of 36 and 3108?
12
Calculate the highest common divisor of 32 and 2.
2
Ca